{"id":838,"date":"2025-01-08T10:41:15","date_gmt":"2025-01-08T10:41:15","guid":{"rendered":"https:\/\/startersites.io\/elementor\/smart-home\/?page_id=838"},"modified":"2026-02-27T11:35:44","modified_gmt":"2026-02-27T10:35:44","slug":"home","status":"publish","type":"page","link":"https:\/\/dsapli.com\/","title":{"rendered":"Home"},"content":{"rendered":"\t\t<div data-elementor-type=\"wp-page\" data-elementor-id=\"838\" class=\"elementor elementor-838\" data-elementor-post-type=\"page\">\n\t\t\t\t<div class=\"elementor-element elementor-element-50dc9d6 e-con-full e-flex e-con e-parent\" data-id=\"50dc9d6\" data-element_type=\"container\" data-settings=\"{&quot;background_background&quot;:&quot;video&quot;,&quot;background_video_link&quot;:&quot;https:\\\/\\\/dsapli.com\\\/wp-content\\\/uploads\\\/2026\\\/01\\\/1.mp4&quot;,&quot;background_video_start&quot;:0,&quot;background_video_end&quot;:30,&quot;background_play_on_mobile&quot;:&quot;yes&quot;,&quot;animation&quot;:&quot;none&quot;}\">\n\t\t<div class=\"elementor-background-video-container\" aria-hidden=\"true\">\n\t\t\t\t\t\t\t<video class=\"elementor-background-video-hosted\" autoplay muted playsinline loop><\/video>\n\t\t\t\t\t<\/div><div class=\"elementor-element elementor-element-3f415f8 e-con-full e-flex e-con e-child\" data-id=\"3f415f8\" data-element_type=\"container\" data-settings=\"{&quot;background_background&quot;:&quot;classic&quot;}\">\n\t\t\t\t<div class=\"elementor-element elementor-element-9067dd2 elementor-widget elementor-widget-heading\" data-id=\"9067dd2\" data-element_type=\"widget\" data-widget_type=\"heading.default\">\n\t\t\t\t\t<h2 class=\"elementor-heading-title elementor-size-default\">APLIKATOR DS<\/h2>\t\t\t\t<\/div>\n\t\t\t\t<div class=\"elementor-element elementor-element-5456bb1 elementor-widget__width-inherit elementor-widget elementor-widget-heading\" data-id=\"5456bb1\" data-element_type=\"widget\" data-widget_type=\"heading.default\">\n\t\t\t\t\t<h2 class=\"elementor-heading-title elementor-size-default\">Uwolnij swoj\u0105 kreatywno\u015b\u0107. <br>Pracuj szybciej, czy\u015bciej i z pe\u0142n\u0105 kontrol\u0105.<\/h2>\t\t\t\t<\/div>\n\t\t\t\t<\/div>\n\t\t\t\t<div class=\"elementor-element elementor-element-85511d5 elementor-align-center elementor-widget__width-inherit elementor-absolute elementor-mobile-align-center elementor-widget elementor-widget-button\" data-id=\"85511d5\" data-element_type=\"widget\" data-settings=\"{&quot;_position&quot;:&quot;absolute&quot;}\" data-widget_type=\"button.default\">\n\t\t\t\t\t\t\t\t\t\t<a class=\"elementor-button elementor-button-link elementor-size-sm\" href=\"https:\/\/dsapli.com\/?product=ds-apli-precyzyjny-aplikator-do-farby-dla-fryzjerow-i-stylistow\">\n\t\t\t\t\t\t<span class=\"elementor-button-content-wrapper\">\n\t\t\t\t\t\t\t\t\t<span class=\"elementor-button-text\">Sprawdzam<\/span>\n\t\t\t\t\t<\/span>\n\t\t\t\t\t<\/a>\n\t\t\t\t\t\t\t\t<\/div>\n\t\t\t\t<\/div>\n\t\t<div class=\"elementor-element elementor-element-3f17481 elementor-hidden-desktop e-flex e-con-boxed e-con e-parent\" data-id=\"3f17481\" data-element_type=\"container\" data-settings=\"{&quot;background_background&quot;:&quot;classic&quot;}\">\n\t\t\t\t\t<div class=\"e-con-inner\">\n\t\t\t\t\t<\/div>\n\t\t\t\t<\/div>\n\t\t\t\t<\/div>\n\t\t","protected":false},"excerpt":{"rendered":"<p>APLIKATOR DS Uwolnij swoj\u0105 kreatywno\u015b\u0107. Pracuj szybciej, czy\u015bciej i z pe\u0142n\u0105 kontrol\u0105. Sprawdzam<\/p>\n","protected":false},"author":1,"featured_media":0,"parent":0,"menu_order":0,"comment_status":"closed","ping_status":"closed","template":"","meta":{"inline_featured_image":false,"footnotes":""},"class_list":["post-838","page","type-page","status-publish","hentry"],"blocksy_meta":{"has_hero_section":"disabled","vertical_spacing_source":"custom","content_area_spacing":"none","styles_descriptor":{"styles":{"desktop":"","tablet":"","mobile":""},"google_fonts":[],"version":6},"disable_footer":"yes"},"_links":{"self":[{"href":"https:\/\/dsapli.com\/index.php?rest_route=\/wp\/v2\/pages\/838","targetHints":{"allow":["GET"]}}],"collection":[{"href":"https:\/\/dsapli.com\/index.php?rest_route=\/wp\/v2\/pages"}],"about":[{"href":"https:\/\/dsapli.com\/index.php?rest_route=\/wp\/v2\/types\/page"}],"author":[{"embeddable":true,"href":"https:\/\/dsapli.com\/index.php?rest_route=\/wp\/v2\/users\/1"}],"replies":[{"embeddable":true,"href":"https:\/\/dsapli.com\/index.php?rest_route=%2Fwp%2Fv2%2Fcomments&post=838"}],"version-history":[{"count":135,"href":"https:\/\/dsapli.com\/index.php?rest_route=\/wp\/v2\/pages\/838\/revisions"}],"predecessor-version":[{"id":1360,"href":"https:\/\/dsapli.com\/index.php?rest_route=\/wp\/v2\/pages\/838\/revisions\/1360"}],"wp:attachment":[{"href":"https:\/\/dsapli.com\/index.php?rest_route=%2Fwp%2Fv2%2Fmedia&parent=838"}],"curies":[{"name":"wp","href":"https:\/\/api.w.org\/{rel}","templated":true}]}}